 h(5). Suppose -2*d + q = -0*d. List the prime factors of d.
13
Suppose -4*s + 3 = -5*s. Let i be 7/s + (-6)/9. List the prime factors of i/(9/(-33))*1.
11
Suppose 4*c = 7 - 31. Let g = c - -1. Let o(j) = j**2 + 2*j - 4. What are the prime factors of o(g)?
11
Let u be ((-1)/2)/(7/(-14)). What are the prime factors of (u - (-84)/(-20))*-10?
2
Let q(w) = 6*w - 3. Let i be q(3). Let d = 22 - i. What are the prime factors of d?
7
Let l(d) = -2*d - 9. Let z be l(-6). Suppose 0 = z*r + g - 5, -5*g + 10*g + 17 = -r. What are the prime factors of r?
3
Suppose 2*x - q = 62, 0 = 3*x + 6*q - q - 119. List the prime factors of x.
3, 11
Let f(v) = -v + 18. Let o be f(13). Suppose -2*l - o*r = -61, l + 5*r + 12 = 35. List the prime factors of l.
2, 19
Let o(c) = c**3 + 5*c**2 - c - 5. Let s be o(-5). Suppose s = 5*b + 3*y - 70, 3*b + 2*y = -14 + 56. List the prime factors of b.
2, 7
Let o be (-2 + 6)*-1*2. What are the prime factors of (-3 - o) + 1 + 1?
7
Let s = 15 - 11. Let n be (1 - s)/(-1 - 0). Suppose n*v - 2*v - 12 = 0. What are the prime factors of v?
2, 3
Let u(a) = a**3 + 7*a**2 + 5*a - 3. Let c be u(-6). Suppose o + c = -0*o, 3*j = -2*o + 39. What are the prime factors of j?
3, 5
Suppose -3*w + 16 = 5*v - w, -w = 2. Suppose -v*r = -16, 6*r - r = -3*a + 98. List the prime factors of a.
2, 13
Suppose -1151 - 4 = -7*o. What are the prime factors of o?
3, 5, 11
Let j(x) = x + 29. List the prime factors of j(0).
29
Suppose z = -3, -3*v - 41 - 1 = 4*z. Let w(q) = -q**3 - 9*q**2 + 8*q + 1. What are the prime factors of w(v)?
3, 7
List the prime factors of 1 + 64 - 7/(-21)*9.
2, 17
Let n(r) = 4*r - 3. Let m = 6 + 0. Suppose f = m*f - 20. What are the prime factors of n(f)?
13
Let m be 3/(-5) - 309/(-15). Suppose -9 = -0*q - q - 3*g, 4*g = -4*q + m. Suppose q*v - 2*v = 18. List the prime factors of v.
2, 3
Let z be -1*(-1 - (-2 - 0)). Let t be z/(((-9)/3)/9). Suppose -3*y = 4*h + 2*y - t, -60 = -5*h + 5*y. What are the prime factors of h?
7
Let h(k) = k**3 - 12*k**2 + 16. List the prime factors of h(12).
2
Suppose -27 = -3*g + 117. Suppose 3*j - g = -j. Suppose 1 = b - j. List the prime factors of b.
13
Let q(r) = -53*r - 9. What are the prime factors of q(-2)?
97
Let n = 21 + -5. Suppose -x = -3*g - 23, -5*g + n = -4*x + 129. What are the prime factors of x?
2
Suppose 0*b = -3*b - 21. Let q(w) = -2*w - 2. Let p(d) = -3*d - 4. Let v(i) = -6*p(i) + 10*q(i). What are the prime factors of v(b)?
2, 3
Let c(v) = -4*v**2 + 2*v + 2. Let d be c(-2). Let m be 182/(-6) - 2/3. Let j = d - m. What are the prime factors of j?
13
Suppose -3*w + 3*f = -18, -2*f + 14 = 5*w + 5. What are the prime factors of (-2)/(5/w - 2)?
2, 3
Let m = 83 + -42. List the prime factors of m.
41
Suppose -171 = -5*l + 3*a, -3*l - 4*a = -0*l - 120. What are the prime factors of l?
2, 3
List the prime factors of ((-1452)/(-16) - -1) + (-2)/(-8).
2, 23
List the prime factors of 4/((-6)/141*-1).
2, 47
Let a = 20 - 13. Let g = -9 + a. What are the prime factors of 9 - 0/(-2) - g?
11
Let s be (-1)/(-2) + 5/2. Suppose s*k + 5*t = 79, -t + 2 = -5*k + 143. List the prime factors of 74/14 - 8/k.
5
What are the prime factors of 2/(-6) + (-604)/(-12)?
2, 5
Let o = -2 + 37. List the prime factors of o.
5, 7
Suppose 0 = 4*g + s - 459, -4*s - s + 110 = g. Suppose 8*b = 3*b + g. Suppose b + 67 = 5*u. What are the prime factors of u?
2, 3
Suppose 10*q = -3*x + 8*q + 56, 3*q + 4 = x. List the prime factors of x.
2
Let f = -4 - -42. What are the prime factors of f?
2, 19
Let r(g) = -g**2 - 17*g + 19. Let f(h) = 17*h**3. Let m be f(-1). What are the prime factors of r(m)?
19
Let z be (-6)/(1 - 0) + -2. Let b(g) = -g**3 - 7*g**2 + 9*g + 11. Let m be b(z). Suppose 2 = 5*x - m, 26 = 3*l + 2*x. What are the prime factors of l?
2
Suppose 115 = -3*p + 676. List the prime factors of p.
11, 17
Let d = 19 + -12. Suppose -56 = -d*p + 5*p. What are the prime factors of p?
2, 7
Let y(x) = x**3 - 10*x**2 - 13*x + 16. Let r be y(11). Let v(g) = 2*g**2 + 6*g - 5. What are the prime factors of v(r)?
31
Suppose -3*v = -6, -v = g - 0*v + 3. Let j = 9 - g. List the prime factors of j.
2, 7
Let s(w) = -3*w**3 - w**2 + 3. List the prime factors of s(-3).
3, 5
Suppose -3 = 4*g - 19. Suppose -1 + 45 = g*s. What are the prime factors of s?
11
Suppose 26 = -a - a. Let i = -75 - -54. Let s = a - i. List the prime factors of s.
2
Let u(g) = 4*g**3 + g**2 + 2*g - 2. What are the prime factors of u(1)?
5
Let c be (-2 - 0)/(-2) + 39. Suppose -u + c = 2*q, 2*q + 8 = 3*u + 56. What are the prime factors of q?
3, 7
Let l(r) = 3*r**2 + r. Let m be l(1). What are the prime factors of 18/(-3) + m + 17?
3, 5
Let b = -156 - -273. What are the prime factors of b?
3, 13
Suppose 88 - 552 = -8*s. List the prime factors of s.
2, 29
List the prime factors of ((-1)/2)/((-6)/84).
7
Let w(n) = n - 4. Let o be w(4). Suppose -g = -2 - o. List the prime factors of g.
2
Suppose 0*l - 24 = -6*l. What are the prime factors of l?
2
Let i = 199 - 132. What are the prime factors of i?
67
Let y(l) = -l**2 + 2*l - 1. Let i be y(2). Let n(a) = -2*a. Let s be n(i). Suppose -2*d + w = -6, -s*d + 22 = 2*d + 3*w. List the prime factors of d.
2
Let n(s) = -2*s - 4. Let f(m) = -m - 1. Let g(j) = f(j) + n(j). Let r be g(-6). Let l = r + -4. List the prime factors of l.
3
Let b be (-6)/(-4)*(7 - 5). Suppose b + 1 = l. What are the prime factors of l?
2
Suppose -2*n = -3*a + 4, 4*n = 2*a - 0*n. Suppose a*d + d - 36 = 0. List the prime factors of d.
2, 3
Suppose 4*j + 39 = h, 0*h + 6 = 2*h. Let l(a) = 2*a**2 + 4*a. Let g be l(-3). List the prime factors of (g/9)/((-1)/j).
2, 3
Let o(i) = i**2 + 2*i - 5. Let r be o(-4). Let w(z) = -2*z + 4*z**2 - 1 + 10*z**3 - 9*z**r + z. What are the prime factors of w(-3)?
11
Suppose 2*m - 57 = 25. Suppose 13 - m = -l. Suppose q = -q + l. What are the prime factors of q?
2, 7
Let l(h) = h**2 - 8*h + 10. Let g be l(7). What are the prime factors of (g/6)/((-2)/(-120))?
2, 3, 5
Let l(y) = 29 + 2*y - 1 + 0*y. List the prime factors of l(0).
2, 7
Suppose 3*w = -3*m + 21, 8 = 5*w - 4*m - 0*m. Let l be (-63)/(-49) - w/14. List the prime factors of (0/(-2))/l - -17.
17
Let f(n) = -12*n. Suppose 0 = 5*l + 6 - 1. Let h be f(l). List the prime factors of (6 - -1)*h/14.
2, 3
Let x(q) = q**3 - 7*q**2 + 4*q - 5. Suppose -i + v = -10, -4*i + 3*i - 2*v = 2. Let a be x(i). Let j = -12 - a. What are the prime factors of j?
5
Let z(j) = 5*j**3 + 8*j**2 + 4*j + 9. Let x(c) = c**3 - c + 1. Let o(f) = -6*x(f) + z(f). Suppose 45 = -2*g + 7*g. What are the prime factors of o(g)?
2, 3
Let p = 207 - 126. List the prime factors of p.
3
Let l(y) = y + 3. Let i be (-3 - (-3 + 0))/(-3). Let f be l(i). Suppose -f*u = u - s - 33, 4*s - 28 = -4*u. What are the prime factors of u?
2
Let n be (-2 - 0)/(2/(-6)). Let j be (-9)/n*(-14)/3. What are the prime factors of 2/3*(j - -2)?
2, 3
Let k be (-4 - -25) + 1 + -3. Suppose -k = -3*a + o, 0*a + 55 = 5*a + 3*o. List the prime factors of a.
2
Let f(q) = q**2 - q - 1. Suppose 5*r = -0*r. Let n be f(r). List the prime factors of -9*(0 + 0 + n).
3
Let r(n) = -n**3 - n + 18. Let y(s) = s. Let c be y(0). What are the prime factors of r(c)?
2, 3
Suppose 4*d + 46 = 406. List the prime factors of d.
2, 3, 5
Suppose 0 = 3*r + 15. Let a(u) = -u + 6. List the prime factors of a(r).
11
Let k = -28 - -41. Suppose -5*u + 3*z = -139, 3*u = -2*z - k + 85. What are the prime factors of u?
2, 13
Suppose 28 = 3*d - 26. What are the prime factors of d?
2, 3
Suppose 0*d - 1 = -d. Suppose a - 9 = c, 4*c - c = a + d. What are the prime factors of a?
2, 7
Suppose 4*l = -2*l + 156. Let m = 15 + l. List the prime factors of m.
41
Let s be (-2)/7 - 120/(-28). Let n(l) = -s - l + 4. What are the prime factors of n(-4)?
2
Suppose -j = 0, -3*j - 239 = -2*o + 133. List the prime factors of o.
2, 3, 31
Let s = -2 + 4. Suppose s*k = 13 - 5. What are the prime factors of (-22)/k*(-4 - -2)?
11
Suppose i - 7*i = 444. What are the prime factors of i/2*-1*1?
37
Suppose -4*k + 80 = -3*k + 4*c, 5*k + 2*c - 490 = 0. Suppose 5*u - 2*g - 38 = k, -4*u = -2*g - 110. Suppose -u = p - 5*p. List the prime factors of p.
7
Let o = 75 - 49. List the prime factors of o.
2, 13
Suppose z = 6 + 7. Suppose z = 4*i + 5. Suppose -j = i*j - 36. What are the prime factors of j?
2, 3
Let